{"id":7,"date":"2022-05-30T11:58:26","date_gmt":"2022-05-30T14:58:26","guid":{"rendered":"http:\/\/colegioagnus.com.br\/site\/?page_id=7"},"modified":"2022-05-31T08:07:02","modified_gmt":"2022-05-31T11:07:02","slug":"colegio","status":"publish","type":"page","link":"http:\/\/colegioagnus.com.br\/site\/index.php\/colegio\/","title":{"rendered":"O Col\u00e9gio"},"content":{"rendered":"\n<p><strong>A Educa\u00e7\u00e3o \u00e9 um dos maiores desafios de nosso tempo. O Col\u00e9gio Agnus, em parceria com a fam\u00edlia e a sociedade, prop\u00f5e-se a vencer esse desafio. Baseamos nossa linha de a\u00e7\u00e3o orientados por uma abordagem sociointeracionista, respaldada em Jean Piaget, Lev Vygotsky e Henri Wallon.<\/strong><\/p>\n\n\n\n<p><strong>Nossa proposta pedag\u00f3gica se alicer\u00e7a em uma educa\u00e7\u00e3o libertadora em que todos s\u00e3o agentes ativos na constru\u00e7\u00e3o do conhecimento. N\u00f3s, fam\u00edlia e escola, precisamos nos dar as m\u00e3os e assegurar um futuro melhor para nossas crian\u00e7as e jovens.<\/strong><\/p>\n\n\n\n<h1 class=\"has-vivid-red-color has-text-color wp-block-heading\">O FUTURO\u00a0COME\u00c7A\u00a0AGORA!<\/h1>\n\n\n\n<p><\/p>\n\n\n\n<div class=\"wp-block-columns is-layout-flex wp-container-core-columns-is-layout-9d6595d7 wp-block-columns-is-layout-flex\">\n<div class=\"wp-block-column is-layout-flow wp-block-column-is-layout-flow\" style=\"flex-basis:33.33%\">\n<figure class=\"wp-block-image size-full\"><img loading=\"lazy\" decoding=\"async\" width=\"4961\" height=\"3508\" src=\"http:\/\/colegioagnus.com.br\/site\/wp-content\/uploads\/2022\/05\/missao.png\" alt=\"\" class=\"wp-image-60\" srcset=\"http:\/\/colegioagnus.com.br\/site\/wp-content\/uploads\/2022\/05\/missao.png 4961w, http:\/\/colegioagnus.com.br\/site\/wp-content\/uploads\/2022\/05\/missao-300x212.png 300w, http:\/\/colegioagnus.com.br\/site\/wp-content\/uploads\/2022\/05\/missao-1024x724.png 1024w, http:\/\/colegioagnus.com.br\/site\/wp-content\/uploads\/2022\/05\/missao-768x543.png 768w, http:\/\/colegioagnus.com.br\/site\/wp-content\/uploads\/2022\/05\/missao-1536x1086.png 1536w, http:\/\/colegioagnus.com.br\/site\/wp-content\/uploads\/2022\/05\/missao-2048x1448.png 2048w\" sizes=\"auto, (max-width: 4961px) 100vw, 4961px\" \/><\/figure>\n<\/div>\n\n\n\n<div class=\"wp-block-column is-layout-flow wp-block-column-is-layout-flow\" style=\"flex-basis:66.66%\">\n<p class=\"has-text-color has-small-font-size\" style=\"color:#5e5e5e\">A hist\u00f3ria da humanidade, desde sempre, tem sido t\u00e3o fortemente marcada pela EDUCA\u00c7\u00c3O e CULTURA que nos permite imaginar que tenham ber\u00e7o \u00fanico.<\/p>\n\n\n\n<p class=\"has-text-color has-small-font-size\" style=\"color:#5e5e5e\">O desenvolvimento da ci\u00eancia, todas as descobertas e inven\u00e7\u00f5es; grandes avan\u00e7os nas \u00e1reas da sa\u00fade, nas artes; a pr\u00f3pria sobreviv\u00eancia da esp\u00e9cie humana, bem como a conserva\u00e7\u00e3o e manuten\u00e7\u00e3o da ecologia&#8230; tudo \u00e9 conseq\u00fc\u00eancia da a\u00e7\u00e3o educativa. Nada sobrevive sem ela.<\/p>\n\n\n\n<p class=\"has-text-color has-small-font-size\" style=\"color:#5e5e5e\">As rela\u00e7\u00f5es que estabelecemos com o mundo em que vivemos dependem diretamente da educa\u00e7\u00e3o que partilhamos.<\/p>\n\n\n\n<p class=\"has-text-color has-small-font-size\" style=\"color:#5e5e5e\">Pensando assim, o Col\u00e9gio Agnus reafirma o desafio que tem sido seu pr\u00f3prio lema: \u201cAPRENDENDO COM PRAZER\u201d.<\/p>\n\n\n\n<p class=\"has-text-color has-small-font-size\" style=\"color:#5e5e5e\">Acreditamos que \u00e9 poss\u00edvel estabelecer vincula\u00e7\u00f5es entre as necessidades cognitivas, sociais e culturais de nossas crian\u00e7as e jovens com a busca prazerosa do saber. Assim, ao mesmo tempo em que reiteramos nossa proposta pedag\u00f3gica, embasamo-la na m\u00e1xima crist\u00e3: \u201c&#8230;que todos tenham vida plena\u201d.<\/p>\n<\/div>\n<\/div>\n","protected":false},"excerpt":{"rendered":"<p>A Educa\u00e7\u00e3o \u00e9 um dos maiores desafios de nosso tempo. O Col\u00e9gio Agnus, em parceria com a fam\u00edlia e a sociedade, prop\u00f5e-se a vencer esse desafio. Baseamos nossa linha de a\u00e7\u00e3o orientados por uma abordagem sociointeracionista, respaldada em Jean Piaget, Lev Vygotsky e Henri Wallon. Nossa proposta pedag\u00f3gica se alicer\u00e7a em uma educa\u00e7\u00e3o libertadora em que todos s\u00e3o agentes ativos [&hellip;]<\/p>\n","protected":false},"author":1,"featured_media":0,"parent":0,"menu_order":0,"comment_status":"closed","ping_status":"closed","template":"page-templates\/full-width-container.php","meta":{"footnotes":""},"class_list":["post-7","page","type-page","status-publish","hentry"],"_links":{"self":[{"href":"http:\/\/colegioagnus.com.br\/site\/index.php\/wp-json\/wp\/v2\/pages\/7","targetHints":{"allow":["GET"]}}],"collection":[{"href":"http:\/\/colegioagnus.com.br\/site\/index.php\/wp-json\/wp\/v2\/pages"}],"about":[{"href":"http:\/\/colegioagnus.com.br\/site\/index.php\/wp-json\/wp\/v2\/types\/page"}],"author":[{"embeddable":true,"href":"http:\/\/colegioagnus.com.br\/site\/index.php\/wp-json\/wp\/v2\/users\/1"}],"replies":[{"embeddable":true,"href":"http:\/\/colegioagnus.com.br\/site\/index.php\/wp-json\/wp\/v2\/comments?post=7"}],"version-history":[{"count":11,"href":"http:\/\/colegioagnus.com.br\/site\/index.php\/wp-json\/wp\/v2\/pages\/7\/revisions"}],"predecessor-version":[{"id":63,"href":"http:\/\/colegioagnus.com.br\/site\/index.php\/wp-json\/wp\/v2\/pages\/7\/revisions\/63"}],"wp:attachment":[{"href":"http:\/\/colegioagnus.com.br\/site\/index.php\/wp-json\/wp\/v2\/media?parent=7"}],"curies":[{"name":"wp","href":"https:\/\/api.w.org\/{rel}","templated":true}]}}