{"id":6,"date":"2022-05-30T11:58:26","date_gmt":"2022-05-30T14:58:26","guid":{"rendered":"http:\/\/colegioagnus.com.br\/site\/?page_id=6"},"modified":"2025-08-07T17:48:59","modified_gmt":"2025-08-07T20:48:59","slug":"home","status":"publish","type":"page","link":"http:\/\/colegioagnus.com.br\/site\/","title":{"rendered":"home"},"content":{"rendered":"\n<div class=\"wp-block-group has-background\" style=\"background-color:#002b71\"><div class=\"wp-block-group__inner-container is-layout-flow wp-block-group-is-layout-flow\">\n<div class=\"wp-block-columns is-layout-flex wp-container-core-columns-is-layout-9d6595d7 wp-block-columns-is-layout-flex\">\n<div class=\"wp-block-column is-layout-flow wp-block-column-is-layout-flow\">\n<div class=\"wp-block-columns is-layout-flex wp-container-core-columns-is-layout-9d6595d7 wp-block-columns-is-layout-flex\">\n<div class=\"wp-block-column is-vertically-aligned-center is-layout-flow wp-block-column-is-layout-flow\">\n<p class=\"has-white-color has-text-color has-link-color has-medium-font-size wp-elements-ae53e9c681311938532b6662cb5278e6\"><strong>D\u00ea o primeiro passo para uma nova jornada de aprendizado!<\/strong><\/p>\n\n\n<div class=\"wpforms-container wpforms-container-full wpforms-block wpforms-block-fbd7d944-6a71-4622-8ba7-2a68004f1506\" id=\"wpforms-151\"><form id=\"wpforms-form-151\" class=\"wpforms-validate wpforms-form wpforms-ajax-form\" data-formid=\"151\" method=\"post\" enctype=\"multipart\/form-data\" action=\"\/site\/index.php\/wp-json\/wp\/v2\/pages\/6\" data-token=\"74b0ae5f0903c1370ede08bafdbe249b\" data-token-time=\"1776186286\"><noscript class=\"wpforms-error-noscript\">Ative o JavaScript no seu navegador para preencher este formul\u00e1rio.<\/noscript><div class=\"wpforms-field-container\"><div id=\"wpforms-151-field_2-container\" class=\"wpforms-field wpforms-field-name\" data-field-id=\"2\"><label class=\"wpforms-field-label\" for=\"wpforms-151-field_2\">Nome <span class=\"wpforms-required-label\">*<\/span><\/label><input type=\"text\" id=\"wpforms-151-field_2\" class=\"wpforms-field-large wpforms-field-required\" name=\"wpforms[fields][2]\" required><\/div><div id=\"wpforms-151-field_4-container\" class=\"wpforms-field wpforms-field-text\" data-field-id=\"4\"><label class=\"wpforms-field-label\" for=\"wpforms-151-field_4\">Telefone <span class=\"wpforms-required-label\">*<\/span><\/label><input type=\"text\" id=\"wpforms-151-field_4\" class=\"wpforms-field-small wpforms-field-required\" name=\"wpforms[fields][4]\" required><\/div><div id=\"wpforms-151-field_5-container\" class=\"wpforms-field wpforms-field-select wpforms-field-select-style-classic\" data-field-id=\"5\"><label class=\"wpforms-field-label\" for=\"wpforms-151-field_5\">S\u00e9rie <span class=\"wpforms-required-label\">*<\/span><\/label><select id=\"wpforms-151-field_5\" class=\"wpforms-field-large wpforms-field-required\" name=\"wpforms[fields][5]\" required=\"required\"><option value=\"\" class=\"placeholder\" disabled  selected='selected'>&#8212; Selecione a escolha &#8212;<\/option><option value=\"Educa\u00e7\u00e3o Infantil\" >Educa\u00e7\u00e3o Infantil<\/option><option value=\"Anos Iniciais \/ Fundamental I\" >Anos Iniciais \/ Fundamental I<\/option><option value=\"Anos Finais \/ Fundamental II\" >Anos Finais \/ Fundamental II<\/option><option value=\"Ensino M\u00e9dio\" >Ensino M\u00e9dio<\/option><\/select><\/div><\/div><!-- .wpforms-field-container --><div class=\"wpforms-submit-container\" ><input type=\"hidden\" name=\"wpforms[id]\" value=\"151\"><input type=\"hidden\" name=\"page_title\" value=\"\"><input type=\"hidden\" name=\"page_url\" value=\"http:\/\/colegioagnus.com.br\/site\/index.php\/wp-json\/wp\/v2\/pages\/6\"><input type=\"hidden\" name=\"url_referer\" value=\"\"><button type=\"submit\" name=\"wpforms[submit]\" id=\"wpforms-submit-151\" class=\"wpforms-submit\" data-alt-text=\"Est\u00e1 chegando...\" data-submit-text=\"Quero saber mais\" aria-live=\"assertive\" value=\"wpforms-submit\">Quero saber mais<\/button><img loading=\"lazy\" decoding=\"async\" src=\"http:\/\/colegioagnus.com.br\/site\/wp-content\/plugins\/wpforms-lite\/assets\/images\/submit-spin.svg\" class=\"wpforms-submit-spinner\" style=\"display: none;\" width=\"26\" height=\"26\" alt=\"Carregando\"><\/div><\/form><\/div>  <!-- .wpforms-container --><\/div>\n\n\n\n<div class=\"wp-block-column is-layout-flow wp-block-column-is-layout-flow\">\n<figure class=\"wp-block-image size-large\"><img loading=\"lazy\" decoding=\"async\" width=\"1024\" height=\"762\" src=\"http:\/\/colegioagnus.com.br\/site\/wp-content\/uploads\/2025\/08\/logotemapng2-1024x762.png\" alt=\"\" class=\"wp-image-484\" srcset=\"http:\/\/colegioagnus.com.br\/site\/wp-content\/uploads\/2025\/08\/logotemapng2-1024x762.png 1024w, http:\/\/colegioagnus.com.br\/site\/wp-content\/uploads\/2025\/08\/logotemapng2-300x223.png 300w, http:\/\/colegioagnus.com.br\/site\/wp-content\/uploads\/2025\/08\/logotemapng2-768x571.png 768w, http:\/\/colegioagnus.com.br\/site\/wp-content\/uploads\/2025\/08\/logotemapng2.png 1500w\" sizes=\"auto, (max-width: 1024px) 100vw, 1024px\" \/><\/figure>\n<\/div>\n<\/div>\n<\/div>\n<\/div>\n<\/div><\/div>\n\n\n\n<div class=\"wp-block-columns is-layout-flex wp-container-core-columns-is-layout-9d6595d7 wp-block-columns-is-layout-flex\">\n<div class=\"wp-block-column is-layout-flow wp-block-column-is-layout-flow\">\n<figure class=\"wp-block-gallery has-nested-images columns-default is-cropped wp-block-gallery-1 is-layout-flex wp-block-gallery-is-layout-flex\"><div class=\"wp-block-image\">\n<figure class=\"aligncenter size-large\"><a href=\"https:\/\/ava.sae.digital\/\" target=\"_blank\" rel=\"noreferrer noopener\"><img loading=\"lazy\" decoding=\"async\" width=\"1024\" height=\"410\" data-id=\"456\" src=\"http:\/\/colegioagnus.com.br\/site\/wp-content\/uploads\/2025\/08\/2-1024x410.png\" alt=\"\" class=\"wp-image-456\" srcset=\"http:\/\/colegioagnus.com.br\/site\/wp-content\/uploads\/2025\/08\/2-1024x410.png 1024w, http:\/\/colegioagnus.com.br\/site\/wp-content\/uploads\/2025\/08\/2-300x120.png 300w, http:\/\/colegioagnus.com.br\/site\/wp-content\/uploads\/2025\/08\/2-768x307.png 768w, http:\/\/colegioagnus.com.br\/site\/wp-content\/uploads\/2025\/08\/2.png 1237w\" sizes=\"auto, (max-width: 1024px) 100vw, 1024px\" \/><\/a><\/figure>\n<\/div><\/figure>\n<\/div>\n\n\n\n<div class=\"wp-block-column is-layout-flow wp-block-column-is-layout-flow\">\n<figure class=\"wp-block-gallery has-nested-images columns-default is-cropped wp-block-gallery-2 is-layout-flex wp-block-gallery-is-layout-flex\"><div class=\"wp-block-image\">\n<figure class=\"aligncenter size-large\"><a href=\"https:\/\/classapp.com.br\/\"><img loading=\"lazy\" decoding=\"async\" width=\"1024\" height=\"410\" data-id=\"462\" src=\"http:\/\/colegioagnus.com.br\/site\/wp-content\/uploads\/2025\/08\/1-1024x410.png\" alt=\"\" class=\"wp-image-462\" srcset=\"http:\/\/colegioagnus.com.br\/site\/wp-content\/uploads\/2025\/08\/1-1024x410.png 1024w, http:\/\/colegioagnus.com.br\/site\/wp-content\/uploads\/2025\/08\/1-300x120.png 300w, http:\/\/colegioagnus.com.br\/site\/wp-content\/uploads\/2025\/08\/1-768x307.png 768w, http:\/\/colegioagnus.com.br\/site\/wp-content\/uploads\/2025\/08\/1.png 1237w\" sizes=\"auto, (max-width: 1024px) 100vw, 1024px\" \/><\/a><\/figure>\n<\/div><\/figure>\n<\/div>\n\n\n\n<div class=\"wp-block-column is-layout-flow wp-block-column-is-layout-flow\">\n<figure class=\"wp-block-gallery has-nested-images columns-default is-cropped wp-block-gallery-3 is-layout-flex wp-block-gallery-is-layout-flex\">\n<figure class=\"wp-block-image size-large\"><a href=\"https:\/\/edifyplay.edifyeducation.com.br\/\"><img loading=\"lazy\" decoding=\"async\" width=\"1024\" height=\"410\" data-id=\"457\" src=\"http:\/\/colegioagnus.com.br\/site\/wp-content\/uploads\/2025\/08\/3-1024x410.png\" alt=\"\" class=\"wp-image-457\" srcset=\"http:\/\/colegioagnus.com.br\/site\/wp-content\/uploads\/2025\/08\/3-1024x410.png 1024w, http:\/\/colegioagnus.com.br\/site\/wp-content\/uploads\/2025\/08\/3-300x120.png 300w, http:\/\/colegioagnus.com.br\/site\/wp-content\/uploads\/2025\/08\/3-768x307.png 768w, http:\/\/colegioagnus.com.br\/site\/wp-content\/uploads\/2025\/08\/3.png 1237w\" sizes=\"auto, (max-width: 1024px) 100vw, 1024px\" \/><\/a><\/figure>\n<\/figure>\n<\/div>\n\n\n\n<div class=\"wp-block-column is-layout-flow wp-block-column-is-layout-flow\"><\/div>\n<\/div>\n\n\n\n<div class=\"wp-block-columns is-layout-flex wp-container-core-columns-is-layout-9d6595d7 wp-block-columns-is-layout-flex\">\n<div class=\"wp-block-column is-vertically-aligned-center is-layout-flow wp-block-column-is-layout-flow\">\n<div class=\"wp-block-columns alignfull are-vertically-aligned-center is-layout-flex wp-container-core-columns-is-layout-9d6595d7 wp-block-columns-is-layout-flex\">\n<div class=\"wp-block-column is-layout-flow wp-block-column-is-layout-flow\" style=\"flex-basis:50%\"><div class=\"wp-block-image is-style-rounded\">\n<figure class=\"aligncenter size-large\"><img loading=\"lazy\" decoding=\"async\" width=\"1024\" height=\"768\" src=\"http:\/\/colegioagnus.com.br\/site\/wp-content\/uploads\/2025\/08\/WhatsApp-Image-2025-08-06-at-14.50.42-1024x768.jpeg\" alt=\"\" class=\"wp-image-515\" srcset=\"http:\/\/colegioagnus.com.br\/site\/wp-content\/uploads\/2025\/08\/WhatsApp-Image-2025-08-06-at-14.50.42-1024x768.jpeg 1024w, http:\/\/colegioagnus.com.br\/site\/wp-content\/uploads\/2025\/08\/WhatsApp-Image-2025-08-06-at-14.50.42-300x225.jpeg 300w, http:\/\/colegioagnus.com.br\/site\/wp-content\/uploads\/2025\/08\/WhatsApp-Image-2025-08-06-at-14.50.42-768x576.jpeg 768w, http:\/\/colegioagnus.com.br\/site\/wp-content\/uploads\/2025\/08\/WhatsApp-Image-2025-08-06-at-14.50.42.jpeg 1280w\" sizes=\"auto, (max-width: 1024px) 100vw, 1024px\" \/><\/figure>\n<\/div><\/div>\n\n\n\n<div class=\"wp-block-column is-layout-flow wp-block-column-is-layout-flow\" style=\"flex-basis:50%\">\n<p class=\"has-text-color has-link-color wp-elements-31773af3820afa618eaeb302b85f1422\" style=\"color:#b10000;font-size:38px\">Mais que ensino, <strong>viv\u00eancia. <\/strong> Mais que conte\u00fado,<strong> valores.<\/strong><\/p>\n\n\n\n<p class=\"has-black-color has-text-color has-link-color has-medium-font-size wp-elements-c127f3490fdfe12e833ccd13dd0d101d\">No Col\u00e9gio Agnus, acreditamos que educar \u00e9 formar cidad\u00e3os conscientes, emp\u00e1ticos e preparados para a vida. Aqui, o conhecimento caminha lado a lado com o respeito, o acolhimento e o prop\u00f3sito.<\/p>\n\n\n\n<p class=\"has-black-color has-text-color has-link-color has-medium-font-size wp-elements-369184ed84bc956f4cd6848294e5509e\">Cada aluno \u00e9 \u00fanico, e nossa miss\u00e3o \u00e9 despertar o melhor de cada um, incentivando o pensar, o agir e o sentir.<\/p>\n\n\n\n<p class=\"has-black-color has-text-color has-link-color has-medium-font-size wp-elements-ab51538aa5805e1ca7c0dd0ab309d7cc\">Se voc\u00ea busca uma escola onde o aprendizado tem sentido, o ambiente \u00e9 acolhedor e os valores s\u00e3o parte da rotina, o Agnus \u00e9 o seu lugar.<\/p>\n<\/div>\n<\/div>\n<\/div>\n<\/div>\n\n\n\n<h1 class=\"wp-block-heading has-text-align-center has-text-color has-link-color wp-elements-eb2e4fd0267a1ca35a3bad3a8e5a15c2\" style=\"color:#900000;font-size:57px\">N\u00edveis de Ensino<\/h1>\n\n\n\n<div class=\"wp-block-columns is-layout-flex wp-container-core-columns-is-layout-9d6595d7 wp-block-columns-is-layout-flex\">\n<div class=\"wp-block-column is-layout-flow wp-block-column-is-layout-flow\">\n<div class=\"wp-block-cover wp-duotone-blue-orange\" style=\"min-height:250px;aspect-ratio:unset;\"><img loading=\"lazy\" decoding=\"async\" width=\"275\" height=\"183\" class=\"wp-block-cover__image-background wp-image-585\" alt=\"\" src=\"http:\/\/colegioagnus.com.br\/site\/wp-content\/uploads\/2025\/08\/images.jpg\" data-object-fit=\"cover\"\/><span aria-hidden=\"true\" class=\"wp-block-cover__background has-background-dim-80 has-background-dim\"><\/span><div class=\"wp-block-cover__inner-container is-layout-flow wp-block-cover-is-layout-flow\">\n<p class=\"has-text-align-center has-large-font-size\">Sistema de Tempo Integral<\/p>\n<\/div><\/div>\n<\/div>\n\n\n\n<div class=\"wp-block-column is-layout-flow wp-block-column-is-layout-flow\">\n<div class=\"wp-block-cover wp-duotone-blue-orange\" style=\"min-height:250px;aspect-ratio:unset;\"><img loading=\"lazy\" decoding=\"async\" width=\"1024\" height=\"654\" class=\"wp-block-cover__image-background wp-image-569\" alt=\"\" src=\"http:\/\/colegioagnus.com.br\/site\/wp-content\/uploads\/2025\/08\/638802019405461146_atividades-para-educacao-infantil.jpg\" data-object-fit=\"cover\" srcset=\"http:\/\/colegioagnus.com.br\/site\/wp-content\/uploads\/2025\/08\/638802019405461146_atividades-para-educacao-infantil.jpg 1024w, http:\/\/colegioagnus.com.br\/site\/wp-content\/uploads\/2025\/08\/638802019405461146_atividades-para-educacao-infantil-300x192.jpg 300w, http:\/\/colegioagnus.com.br\/site\/wp-content\/uploads\/2025\/08\/638802019405461146_atividades-para-educacao-infantil-768x491.jpg 768w\" sizes=\"auto, (max-width: 1024px) 100vw, 1024px\" \/><span aria-hidden=\"true\" class=\"wp-block-cover__background has-black-background-color has-background-dim-80 has-background-dim\"><\/span><div class=\"wp-block-cover__inner-container is-layout-flow wp-block-cover-is-layout-flow\">\n<p class=\"has-text-align-center has-large-font-size\">Educa\u00e7\u00e3o Infantil<\/p>\n<\/div><\/div>\n<\/div>\n\n\n\n<div class=\"wp-block-column is-layout-flow wp-block-column-is-layout-flow\">\n<div class=\"wp-block-cover wp-duotone-blue-orange\" style=\"min-height:250px;aspect-ratio:unset;\"><img loading=\"lazy\" decoding=\"async\" width=\"1024\" height=\"711\" class=\"wp-block-cover__image-background wp-image-570\" alt=\"\" src=\"http:\/\/colegioagnus.com.br\/site\/wp-content\/uploads\/2025\/08\/imgEFI1-1024x711.webp\" data-object-fit=\"cover\" srcset=\"http:\/\/colegioagnus.com.br\/site\/wp-content\/uploads\/2025\/08\/imgEFI1-1024x711.webp 1024w, http:\/\/colegioagnus.com.br\/site\/wp-content\/uploads\/2025\/08\/imgEFI1-300x208.webp 300w, http:\/\/colegioagnus.com.br\/site\/wp-content\/uploads\/2025\/08\/imgEFI1-768x533.webp 768w, http:\/\/colegioagnus.com.br\/site\/wp-content\/uploads\/2025\/08\/imgEFI1.webp 1080w\" sizes=\"auto, (max-width: 1024px) 100vw, 1024px\" \/><span aria-hidden=\"true\" class=\"wp-block-cover__background has-black-background-color has-background-dim-80 has-background-dim\"><\/span><div class=\"wp-block-cover__inner-container is-layout-flow wp-block-cover-is-layout-flow\">\n<p class=\"has-text-align-center has-large-font-size\">Anos Iniciais<\/p>\n<\/div><\/div>\n<\/div>\n\n\n\n<div class=\"wp-block-column is-layout-flow wp-block-column-is-layout-flow\">\n<div class=\"wp-block-cover wp-duotone-blue-orange\" style=\"min-height:250px;aspect-ratio:unset;\"><img loading=\"lazy\" decoding=\"async\" width=\"1024\" height=\"619\" class=\"wp-block-cover__image-background wp-image-571\" alt=\"\" src=\"http:\/\/colegioagnus.com.br\/site\/wp-content\/uploads\/2025\/08\/modalidade-de-ensino-conheca-as-modalidades-1.jpg\" data-object-fit=\"cover\" srcset=\"http:\/\/colegioagnus.com.br\/site\/wp-content\/uploads\/2025\/08\/modalidade-de-ensino-conheca-as-modalidades-1.jpg 1024w, http:\/\/colegioagnus.com.br\/site\/wp-content\/uploads\/2025\/08\/modalidade-de-ensino-conheca-as-modalidades-1-300x181.jpg 300w, http:\/\/colegioagnus.com.br\/site\/wp-content\/uploads\/2025\/08\/modalidade-de-ensino-conheca-as-modalidades-1-768x464.jpg 768w\" sizes=\"auto, (max-width: 1024px) 100vw, 1024px\" \/><span aria-hidden=\"true\" class=\"wp-block-cover__background has-black-background-color has-background-dim-80 has-background-dim\"><\/span><div class=\"wp-block-cover__inner-container is-layout-flow wp-block-cover-is-layout-flow\">\n<p class=\"has-text-align-center has-large-font-size\">Anos Finais<\/p>\n<\/div><\/div>\n<\/div>\n\n\n\n<div class=\"wp-block-column is-layout-flow wp-block-column-is-layout-flow\">\n<div class=\"wp-block-cover wp-duotone-blue-orange\" style=\"min-height:250px;aspect-ratio:unset;\"><img loading=\"lazy\" decoding=\"async\" width=\"1024\" height=\"683\" class=\"wp-block-cover__image-background wp-image-568\" alt=\"\" src=\"http:\/\/colegioagnus.com.br\/site\/wp-content\/uploads\/2025\/08\/D430_50_073_1200-1024x683.jpg\" data-object-fit=\"cover\" srcset=\"http:\/\/colegioagnus.com.br\/site\/wp-content\/uploads\/2025\/08\/D430_50_073_1200-1024x683.jpg 1024w, http:\/\/colegioagnus.com.br\/site\/wp-content\/uploads\/2025\/08\/D430_50_073_1200-300x200.jpg 300w, http:\/\/colegioagnus.com.br\/site\/wp-content\/uploads\/2025\/08\/D430_50_073_1200-768x512.jpg 768w, http:\/\/colegioagnus.com.br\/site\/wp-content\/uploads\/2025\/08\/D430_50_073_1200-600x400.jpg 600w, http:\/\/colegioagnus.com.br\/site\/wp-content\/uploads\/2025\/08\/D430_50_073_1200.jpg 1200w\" sizes=\"auto, (max-width: 1024px) 100vw, 1024px\" \/><span aria-hidden=\"true\" class=\"wp-block-cover__background has-black-background-color has-background-dim-80 has-background-dim\"><\/span><div class=\"wp-block-cover__inner-container is-layout-flow wp-block-cover-is-layout-flow\">\n<p class=\"has-text-align-center has-large-font-size\">Ensino M\u00e9dio<\/p>\n<\/div><\/div>\n<\/div>\n<\/div>\n\n\n\n<p class=\"has-text-align-center has-white-color has-vivid-red-background-color has-text-color has-background has-large-font-size\">Onde Estamos?<\/p>\n\n\n\n<div class=\"wp-block-group\"><div class=\"wp-block-group__inner-container is-layout-flow wp-block-group-is-layout-flow\">\n<div class=\"wp-block-columns is-layout-flex wp-container-core-columns-is-layout-9d6595d7 wp-block-columns-is-layout-flex\">\n<div class=\"wp-block-column is-layout-flow wp-block-column-is-layout-flow\">\n<p class=\"has-vivid-red-color has-text-color has-medium-font-size\"><strong>Agnus Anexo<\/strong><\/p>\n\n\n\n<iframe src=\"https:\/\/www.google.com\/maps\/embed?pb=!1m14!1m8!1m3!1d15924.863954432141!2d-38.540039!3d-3.7631127!3m2!1i1024!2i768!4f13.1!3m3!1m2!1s0x0%3A0x334851c462c3bcbd!2sCol%C3%A9gio%20Agnus-Anexo!5e0!3m2!1spt-BR!2sbr!4v1654632932421!5m2!1spt-BR!2sbr\" width=\"600\" height=\"200\" style=\"border:0;\" allowfullscreen=\"\" loading=\"lazy\" referrerpolicy=\"no-referrer-when-downgrade\"><\/iframe>\n<\/div>\n\n\n\n<div class=\"wp-block-column is-layout-flow wp-block-column-is-layout-flow\">\n<p class=\"has-vivid-red-color has-text-color has-medium-font-size\"><strong>Agnus Montese Sede<\/strong><\/p>\n\n\n\n<iframe src=\"https:\/\/www.google.com\/maps\/embed?pb=!1m18!1m12!1m3!1d3981.2040748104264!2d-38.54744338613563!3d-3.765718597260394!2m3!1f0!2f0!3f0!3m2!1i1024!2i768!4f13.1!3m3!1m2!1s0x7c7492131c67fff%3A0x7def42a171c065b4!2sCol%C3%A9gio%20Agnus%20SEDE%2001!5e0!3m2!1spt-BR!2sbr!4v1654633095173!5m2!1spt-BR!2sbr\" width=\"600\" height=\"200\" style=\"border:0;\" allowfullscreen=\"\" loading=\"lazy\" referrerpolicy=\"no-referrer-when-downgrade\"><\/iframe>\n<\/div>\n<\/div>\n<\/div><\/div>\n\n\n\n<div class=\"wp-block-columns is-layout-flex wp-container-core-columns-is-layout-9d6595d7 wp-block-columns-is-layout-flex\">\n<div class=\"wp-block-column is-layout-flow wp-block-column-is-layout-flow\">\n<figure class=\"wp-block-image size-full is-resized\"><a href=\"https:\/\/www.colegioagnus.com.br\/\"><img loading=\"lazy\" decoding=\"async\" width=\"263\" height=\"327\" src=\"http:\/\/colegioagnus.com.br\/site\/wp-content\/uploads\/2022\/05\/logosite-1.png\" alt=\"\" class=\"wp-image-70\" style=\"width:66px;height:82px\" srcset=\"http:\/\/colegioagnus.com.br\/site\/wp-content\/uploads\/2022\/05\/logosite-1.png 263w, http:\/\/colegioagnus.com.br\/site\/wp-content\/uploads\/2022\/05\/logosite-1-241x300.png 241w\" sizes=\"auto, (max-width: 263px) 100vw, 263px\" \/><\/a><\/figure>\n\n\n\n<p class=\"has-vivid-red-color has-text-color has-medium-font-size\"><strong>SEDE<\/strong><\/p>\n\n\n\n<p class=\"has-black-color has-text-color has-small-font-size\"><strong>(85) 3491.2746<\/strong><br>Educa\u00e7\u00e3o Infantil, Ensino Fundamental e M\u00e9dio<br>Rua Arthur Ferreira,200 -Montese<\/p>\n\n\n\n<p class=\"has-vivid-red-color has-text-color has-medium-font-size\"><strong>ANEXO<\/strong><\/p>\n\n\n\n<p class=\"has-black-color has-text-color has-small-font-size\"><strong>(85)3051.5927<\/strong><br>Educa\u00e7\u00e3o Infantil e Tempo Integral<br>Rua Tiangu\u00e1, 290 &#8211; Vila Uni\u00e3o<\/p>\n<\/div>\n\n\n\n<div class=\"wp-block-column is-layout-flow wp-block-column-is-layout-flow\">\n<figure class=\"wp-block-image size-full is-resized\"><a href=\"https:\/\/www.colegioagnus-ellery.com.br\/\"><img loading=\"lazy\" decoding=\"async\" width=\"448\" height=\"555\" src=\"http:\/\/colegioagnus.com.br\/site\/wp-content\/uploads\/2022\/05\/Logo-Ellery.png\" alt=\"\" class=\"wp-image-77\" style=\"width:66px;height:82px\" srcset=\"http:\/\/colegioagnus.com.br\/site\/wp-content\/uploads\/2022\/05\/Logo-Ellery.png 448w, http:\/\/colegioagnus.com.br\/site\/wp-content\/uploads\/2022\/05\/Logo-Ellery-242x300.png 242w\" sizes=\"auto, (max-width: 448px) 100vw, 448px\" \/><\/a><\/figure>\n\n\n\n<p class=\"has-vivid-red-color has-text-color has-medium-font-size\">SEDE<\/p>\n\n\n\n<p class=\"has-black-color has-text-color has-small-font-size\"><strong>(85) 3243.7281<\/strong><br>Educa\u00e7\u00e3o Infantil ao Ensino Fundamental<br>Rua Gilberto C\u00e2mara, 607 &#8211; Ellery<\/p>\n<\/div>\n\n\n\n<div class=\"wp-block-column is-layout-flow wp-block-column-is-layout-flow\">\n<figure class=\"wp-block-image size-large is-resized\"><a href=\"https:\/\/colegioagnus-sul.com.br\/\"><img loading=\"lazy\" decoding=\"async\" width=\"784\" height=\"1024\" src=\"http:\/\/colegioagnus.com.br\/site\/wp-content\/uploads\/2022\/05\/Sul-784x1024.png\" alt=\"\" class=\"wp-image-85\" style=\"width:66px;height:82px\" srcset=\"http:\/\/colegioagnus.com.br\/site\/wp-content\/uploads\/2022\/05\/Sul-784x1024.png 784w, http:\/\/colegioagnus.com.br\/site\/wp-content\/uploads\/2022\/05\/Sul-230x300.png 230w, http:\/\/colegioagnus.com.br\/site\/wp-content\/uploads\/2022\/05\/Sul-768x1003.png 768w, http:\/\/colegioagnus.com.br\/site\/wp-content\/uploads\/2022\/05\/Sul-1176x1536.png 1176w, http:\/\/colegioagnus.com.br\/site\/wp-content\/uploads\/2022\/05\/Sul.png 1509w\" sizes=\"auto, (max-width: 784px) 100vw, 784px\" \/><\/a><\/figure>\n\n\n\n<p class=\"has-vivid-red-color has-text-color has-medium-font-size\">SEDE<\/p>\n\n\n\n<p class=\"has-black-color has-text-color has-small-font-size\"><strong>(85) 3476-8162 \/ 4141-2939<\/strong><br>Educa\u00e7\u00e3o Infantil, Ensino Fundamental e Tempo Integral<br>Tv. Marrocos, 145 &#8211; Lagoa Redonda<\/p>\n<\/div>\n\n\n\n<div class=\"wp-block-column is-layout-flow wp-block-column-is-layout-flow\">\n<figure class=\"wp-block-image size-full is-resized\"><a href=\"https:\/\/colegiomjp.com.br\/\"><img loading=\"lazy\" decoding=\"async\" width=\"294\" height=\"219\" src=\"http:\/\/colegioagnus.com.br\/site\/wp-content\/uploads\/2022\/05\/MMJP.png\" alt=\"\" class=\"wp-image-76\" style=\"width:110px;height:82px\"\/><\/a><\/figure>\n\n\n\n<p class=\"has-vivid-red-color has-text-color has-medium-font-size\">SEDE<\/p>\n\n\n\n<p class=\"has-black-color has-text-color has-small-font-size\"><strong>(85) 3228.7220<\/strong><br>Educa\u00e7\u00e3o Infantil<br>Rua Vitor Meireles, 29 &#8211; Cristo Redentor<\/p>\n\n\n\n<p class=\"has-vivid-red-color has-text-color has-medium-font-size\">ANEXO \/ EXPANS\u00c3O<\/p>\n\n\n\n<p class=\"has-black-color has-text-color has-small-font-size\"><strong>(85) 3037.3303<\/strong><br>Ensino Fundamental ao Ensino M\u00e9dio<br>Rua: Ana Fac\u00f3, 140 &#8211; \u00c1lvaro Weyne<\/p>\n<\/div>\n<\/div>\n","protected":false},"excerpt":{"rendered":"<p>D\u00ea o primeiro passo para uma nova jornada de aprendizado! Mais que ensino, viv\u00eancia. Mais que conte\u00fado, valores. No Col\u00e9gio Agnus, acreditamos que educar \u00e9 formar cidad\u00e3os conscientes, emp\u00e1ticos e preparados para a vida. Aqui, o conhecimento caminha lado a lado com o respeito, o acolhimento e o prop\u00f3sito. Cada aluno \u00e9 \u00fanico, e nossa miss\u00e3o \u00e9 despertar o melhor [&hellip;]<\/p>\n","protected":false},"author":1,"featured_media":459,"parent":0,"menu_order":0,"comment_status":"open","ping_status":"closed","template":"page-templates\/full-width.php","meta":{"footnotes":""},"class_list":["post-6","page","type-page","status-publish","has-post-thumbnail","hentry"],"_links":{"self":[{"href":"http:\/\/colegioagnus.com.br\/site\/index.php\/wp-json\/wp\/v2\/pages\/6","targetHints":{"allow":["GET"]}}],"collection":[{"href":"http:\/\/colegioagnus.com.br\/site\/index.php\/wp-json\/wp\/v2\/pages"}],"about":[{"href":"http:\/\/colegioagnus.com.br\/site\/index.php\/wp-json\/wp\/v2\/types\/page"}],"author":[{"embeddable":true,"href":"http:\/\/colegioagnus.com.br\/site\/index.php\/wp-json\/wp\/v2\/users\/1"}],"replies":[{"embeddable":true,"href":"http:\/\/colegioagnus.com.br\/site\/index.php\/wp-json\/wp\/v2\/comments?post=6"}],"version-history":[{"count":114,"href":"http:\/\/colegioagnus.com.br\/site\/index.php\/wp-json\/wp\/v2\/pages\/6\/revisions"}],"predecessor-version":[{"id":590,"href":"http:\/\/colegioagnus.com.br\/site\/index.php\/wp-json\/wp\/v2\/pages\/6\/revisions\/590"}],"wp:featuredmedia":[{"embeddable":true,"href":"http:\/\/colegioagnus.com.br\/site\/index.php\/wp-json\/wp\/v2\/media\/459"}],"wp:attachment":[{"href":"http:\/\/colegioagnus.com.br\/site\/index.php\/wp-json\/wp\/v2\/media?parent=6"}],"curies":[{"name":"wp","href":"https:\/\/api.w.org\/{rel}","templated":true}]}}