{"id":429,"date":"2024-03-26T15:43:46","date_gmt":"2024-03-26T18:43:46","guid":{"rendered":"http:\/\/colegioagnus.com.br\/site\/?page_id=429"},"modified":"2024-03-26T15:45:43","modified_gmt":"2024-03-26T18:45:43","slug":"musica-tema-2024","status":"publish","type":"page","link":"http:\/\/colegioagnus.com.br\/site\/index.php\/musica-tema-2024\/","title":{"rendered":"M\u00fasica Tema 2024"},"content":{"rendered":"\n<div class=\"wp-block-columns is-layout-flex wp-container-core-columns-is-layout-9d6595d7 wp-block-columns-is-layout-flex\">\n<div class=\"wp-block-column is-layout-flow wp-block-column-is-layout-flow\">\n<p>Se os frutos produzidos pela terra<br>Ainda n\u00e3o s\u00e3o<br>T\u00e3o doces e polpudos quanto as peras<br>Da tua ilus\u00e3o<br>Amarra o teu arado a uma estrela<br>E os tempos dar\u00e3o<br>Safras e safras de sonhos<br>Quilos e quilos de amor<br>Noutros planetas risonhos<br>Outras esp\u00e9cies de dor<\/p>\n<\/div>\n\n\n\n<div class=\"wp-block-column is-layout-flow wp-block-column-is-layout-flow\">\n<p>Se os campos cultivados neste mundo<br>S\u00e3o duros demais<br>E os solos assolados pela guerra<br>N\u00e3o produzem a paz<br>Amarra o teu arado a uma estrela<br>E a\u00ed tu ser\u00e1s<br>O lavrador louco dos astros<br>O campon\u00eas solto nos c\u00e9us<br>E quanto mais longe da terra<br>Tanto mais longe de Deus<\/p>\n\n\n\n<p>Compositores: Gilberto Gil<\/p>\n<\/div>\n\n\n\n<div class=\"wp-block-column is-layout-flow wp-block-column-is-layout-flow\">\n<figure class=\"wp-block-embed is-type-video is-provider-youtube wp-block-embed-youtube wp-embed-aspect-4-3 wp-has-aspect-ratio\"><div class=\"wp-block-embed__wrapper\">\n<iframe loading=\"lazy\" title=\"Amarra o Teu Arado a uma Estrela (Bonus Track)\" width=\"640\" height=\"480\" src=\"https:\/\/www.youtube.com\/embed\/r-oqvay6UIE?feature=oembed\" frameborder=\"0\" allow=\"accelerometer; autoplay; clipboard-write; encrypted-media; gyroscope; picture-in-picture; web-share\" referrerpolicy=\"strict-origin-when-cross-origin\" allowfullscreen><\/iframe>\n<\/div><\/figure>\n<\/div>\n<\/div>\n","protected":false},"excerpt":{"rendered":"<p>Se os frutos produzidos pela terraAinda n\u00e3o s\u00e3oT\u00e3o doces e polpudos quanto as perasDa tua ilus\u00e3oAmarra o teu arado a uma estrelaE os tempos dar\u00e3oSafras e safras de sonhosQuilos e quilos de amorNoutros planetas risonhosOutras esp\u00e9cies de dor Se os campos cultivados neste mundoS\u00e3o duros demaisE os solos assolados pela guerraN\u00e3o produzem a pazAmarra o teu arado a uma estrelaE [&hellip;]<\/p>\n","protected":false},"author":1,"featured_media":0,"parent":0,"menu_order":0,"comment_status":"closed","ping_status":"closed","template":"","meta":{"footnotes":""},"class_list":["post-429","page","type-page","status-publish","hentry"],"_links":{"self":[{"href":"http:\/\/colegioagnus.com.br\/site\/index.php\/wp-json\/wp\/v2\/pages\/429","targetHints":{"allow":["GET"]}}],"collection":[{"href":"http:\/\/colegioagnus.com.br\/site\/index.php\/wp-json\/wp\/v2\/pages"}],"about":[{"href":"http:\/\/colegioagnus.com.br\/site\/index.php\/wp-json\/wp\/v2\/types\/page"}],"author":[{"embeddable":true,"href":"http:\/\/colegioagnus.com.br\/site\/index.php\/wp-json\/wp\/v2\/users\/1"}],"replies":[{"embeddable":true,"href":"http:\/\/colegioagnus.com.br\/site\/index.php\/wp-json\/wp\/v2\/comments?post=429"}],"version-history":[{"count":3,"href":"http:\/\/colegioagnus.com.br\/site\/index.php\/wp-json\/wp\/v2\/pages\/429\/revisions"}],"predecessor-version":[{"id":434,"href":"http:\/\/colegioagnus.com.br\/site\/index.php\/wp-json\/wp\/v2\/pages\/429\/revisions\/434"}],"wp:attachment":[{"href":"http:\/\/colegioagnus.com.br\/site\/index.php\/wp-json\/wp\/v2\/media?parent=429"}],"curies":[{"name":"wp","href":"https:\/\/api.w.org\/{rel}","templated":true}]}}