{"id":2,"date":"2022-05-30T10:36:26","date_gmt":"2022-05-30T13:36:26","guid":{"rendered":"http:\/\/colegioagnus.com.br\/site\/?page_id=2"},"modified":"2023-01-30T16:23:07","modified_gmt":"2023-01-30T19:23:07","slug":"pagina-exemplo","status":"publish","type":"page","link":"http:\/\/colegioagnus.com.br\/site\/index.php\/pagina-exemplo\/","title":{"rendered":"M\u00fasica tema"},"content":{"rendered":"\n<div class=\"wp-block-columns is-layout-flex wp-container-core-columns-is-layout-9d6595d7 wp-block-columns-is-layout-flex\">\n<div class=\"wp-block-column is-layout-flow wp-block-column-is-layout-flow\">\n<p class=\"has-large-font-size\">M\u00fasica tema<\/p>\n\n\n\n<div class=\"wp-block-columns is-layout-flex wp-container-core-columns-is-layout-9d6595d7 wp-block-columns-is-layout-flex\">\n<div class=\"wp-block-column is-layout-flow wp-block-column-is-layout-flow\">\nCuida do c\u00e9u!<br>\nCuida do ar!<br>\nCuida do sol<br>\nE do luar!<br><br>\n\nCuida das \u00e1guas,<br>\nRios e mar,<br>\nSem poluir,<br>\nContaminar!<br><br>\n\nCuida tamb\u00e9m<br>\nDos animais,<br>\nQue tanto bem<br>\nEles nos fazem!<br><br>\n\nCuida da Terra!<br><br>\nCuida bem, sim,<br>\nSem ser feroz!<br>\nCuida de mim!<br>\nCuida de n\u00f3s!<br>\n<br>\nCuida agora!<br>\nCuida, sim,<br>\nQue o amanh\u00e3<br>\nN\u00e3o ter\u00e1 fim!<br>\n<br>\nLembra de Deus,<br>\nO Criador.<br>\nFoi Ele quem<br>\nTudo criou.<br>\n<br>\nCuida da Terra!<br>\n<br>Cuida do mundo!<br>\nCuida da Vida!<br>\nCuida de n\u00f3s!<br>\nCuida da Terra!<br><br>\n<\/div>\n\n\n\n<div class=\"wp-block-column is-layout-flow wp-block-column-is-layout-flow\">\nCuida do c\u00e9u!<br>\nCuida do ar!<br>\nCuida do sol<br>\nE do luar!<br>\n<br>\nCuida das \u00e1guas,<br>\nRios e mar,<br>\nSem poluir,<br>\nContaminar!<br>\n<br>\nCuida tamb\u00e9m<br>\nDos animais,<br>\nQue tanto bem<br>\nEles nos fazem!<br><br>\n\nCuida da Terra!<br>\n<br>\nCuida bem, sim,<br>\nSem ser feroz!<br>\nCuida de mim!<br>\nCuida de n\u00f3s!<br><br>\n\nCuida agora!<br>\nCuida, sim,<br>\nQue o amanh\u00e3<br>\nN\u00e3o ter\u00e1 fim!<br>\n<br>\nLembra de Deus,<br>\nO Criador.<br>\nFoi Ele quem<br>\nTudo criou.<br>\n<br>\nCuida da Terra!<br>\n<br>\nCuida do mundo!<br>\nCuida da Vida!<br>\nCuida de n\u00f3s!<br>\n<br>\nCuida do mundo!<br>\nCuida da Vida!<br>\nCuida de n\u00f3s!<br>\nCuida da Terra!<br>\n<\/div>\n<\/div>\n<\/div>\n\n\n\n<div class=\"wp-block-column is-layout-flow wp-block-column-is-layout-flow\">\n<p class=\"has-medium-font-size\"><strong>CUIDA DA TERRA<\/strong><\/p>\n\n\n\n<figure class=\"wp-block-video\"><video height=\"360\" style=\"aspect-ratio: 640 \/ 360;\" width=\"640\" controls src=\"http:\/\/colegioagnus.com.br\/site\/wp-content\/uploads\/2023\/01\/videoplayback.mp4\"><\/video><\/figure>\n\n\n\n<p class=\"has-medium-font-size\">Composi\u00e7\u00e3o: Nilton Duarte<\/p>\n\n\n\n<p class=\"has-medium-font-size\">Imagens: Internet<\/p>\n<\/div>\n<\/div>\n","protected":false},"excerpt":{"rendered":"<p>M\u00fasica tema Cuida do c\u00e9u! Cuida do ar! Cuida do sol E do luar! Cuida das \u00e1guas, Rios e mar, Sem poluir, Contaminar! Cuida tamb\u00e9m Dos animais, Que tanto bem Eles nos fazem! Cuida da Terra! Cuida bem, sim, Sem ser feroz! Cuida de mim! Cuida de n\u00f3s! Cuida agora! Cuida, sim, Que o amanh\u00e3 N\u00e3o ter\u00e1 fim! Lembra de [&hellip;]<\/p>\n","protected":false},"author":1,"featured_media":0,"parent":0,"menu_order":0,"comment_status":"closed","ping_status":"open","template":"page-templates\/full-width-container.php","meta":{"footnotes":""},"class_list":["post-2","page","type-page","status-publish","hentry"],"_links":{"self":[{"href":"http:\/\/colegioagnus.com.br\/site\/index.php\/wp-json\/wp\/v2\/pages\/2","targetHints":{"allow":["GET"]}}],"collection":[{"href":"http:\/\/colegioagnus.com.br\/site\/index.php\/wp-json\/wp\/v2\/pages"}],"about":[{"href":"http:\/\/colegioagnus.com.br\/site\/index.php\/wp-json\/wp\/v2\/types\/page"}],"author":[{"embeddable":true,"href":"http:\/\/colegioagnus.com.br\/site\/index.php\/wp-json\/wp\/v2\/users\/1"}],"replies":[{"embeddable":true,"href":"http:\/\/colegioagnus.com.br\/site\/index.php\/wp-json\/wp\/v2\/comments?post=2"}],"version-history":[{"count":9,"href":"http:\/\/colegioagnus.com.br\/site\/index.php\/wp-json\/wp\/v2\/pages\/2\/revisions"}],"predecessor-version":[{"id":180,"href":"http:\/\/colegioagnus.com.br\/site\/index.php\/wp-json\/wp\/v2\/pages\/2\/revisions\/180"}],"wp:attachment":[{"href":"http:\/\/colegioagnus.com.br\/site\/index.php\/wp-json\/wp\/v2\/media?parent=2"}],"curies":[{"name":"wp","href":"https:\/\/api.w.org\/{rel}","templated":true}]}}